3
What is -1 + 1 + -2 + -3?
-5
Calculate 0 + 0 + (3 - 4).
-1
Evaluate (-9 - (0 + -3)) + 15 + -11.
-2
Evaluate 6 + (-3 - 1) + 5.
7
What is -5 - (1 + -4 + 2)?
-4
Calculate (2 - 3) + 1 - (-1 + -1).
2
Evaluate -3 + 2 + 8 + -10.
-3
What is -10 - -6 - (1 - 1) - -5?
1
Evaluate (-3 - (1 - (-3 - 0))) + 14.
7
What is -6 + 3 - (-7 - -5)?
-1
What is the value of -10 + 5 + 0 + -4 + 5?
-4
What is the value of -10 + 24 + -11 - 10?
-7
Evaluate 5 - (7 - (1 + 1)).
0
Evaluate 8 - (-1 + (3 - -1)).
5
Calculate -2 - (-3 - (2 + -6) - -2).
-5
(-12 - -14) + -5 + -1 + 5
1
(-2 - 2 - -2) + 0
-2
-8 - (-1 + 3 + -5 + -1)
-4
Calculate -4 + 8 - 1 - (23 - 19).
-1
7 + 2 + -3 - (-16 + 21)
1
What is -6 - -1 - (-8 + 7 + 4)?
-8
Evaluate 9 + -3 + -5 - -6.
7
Evaluate -16 - (-7 + (-7 - -3)).
-5
(4 - 1) + (7 - (-8 + 12))
6
Calculate 3 + (-3 - (-10 + 2)) - 3.
5
What is the value of (13 - 5) + (3 - 7)?
4
What is the value of -3 + 1 + -14 + 9 + 17?
10
What is the value of (8 - 17) + (10 + -3 - 1)?
-3
What is the value of -6 - -1 - (-6 - (7 + -10))?
-2
What is the value of -1 + (3 - (2 - 0)) + 5?
5
Calculate -1 + -1 - (-4 + (2 - -4)).
-4
Calculate (7 - 1 - 2) + (-5 - -3).
2
Evaluate (2 - -4) + (-11 - -10) + -6.
-1
What is the value of -1 + 12 - (-53 + 62)?
2
What is -8 - (0 - (-1 - -7))?
-2
What is the value of -34 + 28 + (15 - (-2 + 3))?
8
What is the value of 4 + -3 + -2 + 3?
2
-2 + (-2 - 2 - -8) + 0
2
(-6 - (0 + 1)) + (0 - -3)
-4
What is the value of -3 + -12 + 4 - -5?
-6
Evaluate 5 + (4 - ((10 - 5) + 3)).
1
6 + 0 + (-2 - -6 - 8)
2
Calculate (-75 - -71) + -1 + 12.
7
Evaluate 5 + 2 + 2 + (-4 - 2).
3
Calculate (1 + 0 - -3) + -2.
2
What is (-5 - (5 - 7)) + 5?
2
-2 - (1 + -2 + -2) - 0
1
Calculate (-12 - (1 - 4)) + (-28 - -36).
-1
What is the value of -5 + 2 + (-3 - (9 + -12))?
-3
What is the value of 0 + -1 - (-5 - 6 - -6)?
4
What is the value of 0 + -7 + 9 - -2?
4
What is (11 - (2 - -18)) + 13?
4
What is the value of (8 - 1) + (-4 - (-16 + 25))?
-6
Calculate (5 - 6 - -2) + 4.
5
What is -6 - (-8 + 1 - (-1 + -10))?
-10
Calculate -1 + -3 + (2 - 0).
-2
Calculate (7 - 0) + -5 + 2.
4
-2 - (-2 + 3 - 1 - 3)
1
(1 + -3 - (2 - 4)) + 4
4
What is the value of -8 + -2 + -97 + 102?
-5
Calculate -8 - (-2 + 0 + -4).
-2
Calculate (6 - (-6 - -7)) + -9 + 1.
-3
What is -23 + (12 - (2 + -4))?
-9
What is 1 + (-3 - (-3 + 0)) + -6?
-5
Evaluate 8 + (5 - 13) + -2 + -1.
-3
Evaluate (-9 - (-24 - -6)) + -15.
-6
Evaluate (0 - -6) + (-5 - 3).
-2
Evaluate 15 - 3 - (-1 + 12).
1
Evaluate 9 - (7 - (2 - 12)).
-8
Calculate 5 + -4 - (3 - 1).
-1
-2 - (2 + (-5 - -2) + -3)
2
Calculate (-9 - -8) + (-3 - 1).
-5
Evaluate 3 + (4 + -1 - (4 + 0)).
2
Evaluate 11 - (31 + -11) - (-4 - -1).
-6
Calculate -1 - (0 - (-7 + 3 + 1)).
-4
What is the value of -1 + -1 - (-1 - (-1 + 3))?
1
What is 9 - (-4 - (-5 - 3))?
5
What is 5 + (-3 - 2) + 4 + -5?
-1
Evaluate -6 + (9 - 7) + -2.
-6
Calculate 4 + 1 + -1 + 2 + -5.
1
Calculate -5 + 0 - (5 + 1 + -15).
4
What is the value of (4 - 10) + 6 + (-2 - 1)?
-3
Calculate -1 + 0 + 1 - (1 + -2).
1
What is -2 + -1 + -2 + 8?
3
Calculate 7 + -8 + (15 - 7).
7
18 + -19 - (2 + -4 + 5)
-4
7 - (1 - (-4 + 2)) - 2
2
What is the value of 8 - (11 - 6 - -3)?
0
What is the value of 2 - (-13 - -7 - (-1 - 0))?
7
What is the value of (2 - 1) + -6 + (-8 - -13)?
0
(-2 - -4) + (1 - (-4 + 7))
0
Calculate (8 - 9) + -13 + 24.
10
What is 11 + -9 + (4 - 12)?
-6
(-8 - -7 - 6) + (15 - -1)
9
-2 + (1 - 3) + 0 + 0
-4
What is (18 - 20) + (-2 - (-2 + 1))?
-3
Evaluate 2 - (-1 - -3) - 0 - 3.
-3
Calculate 4 + 0 + -1 + -1.
2
Evaluate 0 + -7 + 0 - -5.
-2
-5 - (-1 + (-3 - -3) - 3)
-1
Evaluate -1 - ((-3 - -3) + 1 + -2).
0
6 - (12 - 6) - 0
0
What is 6 + (9 - 11) + (1 - 4)?
1
Calculate -4 + (2 - 6 - -14).
6
Evaluate (-3 - 0) + (2 - (2 - -2)).
-5
Evaluate (-3 - (-4 + 3)) + 2 + -2.
-2
Evaluate -6 - (8 + -8) - -14.
8
What is the value of 0 + (-2 - -4 - (1 - 3))?
4
What is the value of -6 - (11 - 0) - -6 - -5?
-6
Evaluate 5 - (-4 - (-10 + -2) - 3).
0
Evaluate -2 + 2 - (-15 + 12).
3
What is the value of 1 - (1 + 2) - (15 + -13)?
-4
Evaluate -10 + 14 + -5 + (-3 - -1).
-3
What is the value of -4 - -9 - ((4 - -1) + 5)?
-5
What is the value of -1 - (4 + -3) - -6?
4
Evaluate -2 - (6 + 0 + -2 + -5).
-1
What is the value of -5 + (-2 - -9) + -10?
-8
3 - 10 - (-19 - -2)
10
What is -1 + 0 + -1 - (0 + 3)?
-5
What is the value of 0 - -4 - (0 + -8 + 7)?
5
What is the value of (-9 - (-16 + 0)) + -3?
4
What is the value of 2 + 0 + (2 + 4 - 7)?
1
What is (6 - (15 - 3)) + 8?
2
Evaluate 4 - (9 - (10 - 5 - 1)).
-1
Calculate (-2 - 2) + 5 - 1.
0
What is the value of -3 + 3 + -4 - (-1 - 1)?
-2
(7 - 0) + 1 + -2
6
What is 0 + (6 - 7 - (-1 + 0))?
0
Calculate 3 - ((7 - 0) + 0).
-4
What is -3 - (-2 - 3) - (-1 - 1)?
4
What is the value of 4 - -1 - (55 - 53)?
3
What is the value of -6 + (1 + 4 - 3)?
-4
-1 + 4 - (-8 + 12) - 6
-7
Evaluate -7 + 4 + (-2 - -3 - -1).
-1
What is (-130 - -140) + -2 + -3?
5
2 - 3 - (-1 - -5)
-5
What is the value of 2 - ((1 - -7) + -6)?
0
Calculate 15 + 7 + -23 + 3 + 1.
3
What is -4 + -11 + 23 - 10?
-2
What is 4 + 8 + (0 - 4) - 3?
5
Evaluate -10 + 2 + -7 - -8.
-7
Calculate 1 - (-2 - -3) - (3 + 2).
-5
What is the value of 0 + (-1 - -3 - 5)?
-3
Calculate 1 + -2 + -4 + 1.
-4
Calculate -6 + (-1 - (-2 - -4)) - -4.
-5
(-2 - -4) + 0 - 6 - -6
2
Calculate 3 - (3 - 4) - 5.
-1
What is (4 - (4 - (5 - 3))) + -7?
-5
Calculate -5 - (4 + 1 + -10 - -6).
-6
What is the value of 4 - (-4 - -6) - 5?
-3
6 + -3 - (1 - -4)
-2
7 + -17 + -1 - -7
-4
What is the value of 2 + -2 + (-11 - -14)?
3
What is 6 - (-4 + -2 + 3)?
9
What is -1 + -1 + 25 + -24?
-1
What is -7 + 10 - (0 - (-1 - 0))?
2
What is -3 + 7 - (-3 - -4)?
3
Evaluate (11 - (6 - 6)) + -6 + 3.
8
What is the value of 1 + 2 + 3 + 4 + -5?
5
-3 + 4 + -7 + 0
-6
What is the value of 6 - (1 + (-3 - 1) + -2)?
11
What is the value of (3 - 1) + 1 - 8?
-5
What is (5 - ((7 - 7) + 6)) + 5?
4
What is -1 - (-7 + -2 - -6)?
2
-10 - (-10 - (-16 + 2 + 7))
-7
Evaluate 7 - 5 - (-1 - -4).
-1
(5 - (6 - 9)) + -4
4
Evaluate 2 - ((-1 - 0) + 2).
1
-1 + 5 - (10 + -1)
-5
What is the value of -2 - (-7 - (1 - 6))?
0
What is the value of (0 - (7 - 2)) + 7?
2
Calculate 3 + -7 - (-3 + 6 + -12).
5
Evaluate 6 - (3 - -4 - -2).
-3
What is the value of (3 - (5 - 5)) + -5?
-2
(-9 - -7) + 1 + 1 - -4
4
Evaluate -1 - (1 + -3 + (6 - 4)).
-1
What is the value of 10 + -2 + -3 - 2?
3
What is -9 + 10 - (2 + 1)?
-2
Calculate (-4 - (2 - 2)) + -11 + 14.
-1
What is 7 - ((6 - 8 - -3) + -2)?
8
(7 - 0 - 8) + -3
-4
What is -28 - -24 - (-4 + 3 - -3)?
-6
(2 - 1) + (-7 - -3 - 2)
-5
What is the value of 3 + 0 - (0 - (-1 - 2))?
0
Calculate -1 + 3 + -4 + 3.
1
Evaluate -1 - (3 + -11 + -5 + 7).
5
What is the value of -2 + (0 + 0 + 1 - 4)?
-5
What is 2 + 4 - 9 - -2?
-1
8 + -1 + (-51 - -40) + 0
-4
What is -10 - ((-6 - 0) + -2)?
-2
(-6 - 3) + 2 - (-2 + -2)
-3
Calculate 0 + -7 - (-9 + 3 + 4).
-5
-1 + 2 + (-9 - 0)
-8
What is -2 - -4 - (-19 + 21)?
0
-6 - (4 - (5 - -2))
-3
Evaluate (0 - -5 - 3) + (-1 - 1).
0
1 + 3 + 14 + (-12 - 4)
2
What is the value of -14 + 14 + (1 - 3)?
-2
Calculate (7 - 1) + (-2 - 0).
4
What is the value of 7 + -2 - (-1 + 4)?
2
What is -2 + 3 - ((1 - 4) + 1)?
3
0 - (-2 - (0 - (0 + -2)))
4
Evaluate -18 + 17 - ((-2 - 0) + 4).
-3
Evaluate 1 - -2 - (4 - 6).
5
Evaluate (-4 - 5) + 11 - 0.
2
2 + 2 + (0 - 0)
4
Calculate (-3 - -1 - -5) + 5 + -5.
3
What is (8 - 0) + (2 - 7)?
3
-3 + 6 - (1 - (1 + -2))
1
Evaluate (5 - 4) + (3 - 5).
-1
What is the value of 4 + 4 + -10 - (0 + 4)?
-6
Evaluate 0 + (-4 - 0) + (2 - 3).
-5
10 - 1 - (6 + -1)
4
Calculate -1 + (-1 - -7 - (3 + 0)).
2
Calculate (-1 - -1) + -26 + 26.
0
Calculate -6 + 0 + (-5 + 3 - -6).
-2
What is the value of -3 + 5 + (7 + -14 - -3)?
-2
Evaluate (0 - 1) + (20 - 26).
-7
What is -3 + (-2 - -5) - 5?
-5
Evaluate (3 - (-4 - -7)) + 4.
4
What is 14 + 1 + (2 - 11)?
6
-4 + 0 + 3 - (3 - 5)
1
What is the value of 3 - 1 - (54 - 47) - -2?
-3
-1 + 4 + -2 - (7 - 2)
-4
Evaluate -2 + 2 + 0 + -40 + 45.
5
Calculate 2 + -7 + -1 + (4 - -1).
-1
Evaluate -5 + 4 - 2 - (0 + -4).
1
1 - 0 - (31 + -21)
-9
What is 11 + (-5 + -1 - 0)?
5
Evaluate (-5 - (-3 + 7)) + 8.
-1
What is -41 + 41 + (-6 - 0) + 7?
1
(8 - 9) + (-2 - -8)
5
What is -3 + 3 + (4 - 6)?
-2
What is -3 - -9 - (-3 - -6)?
3
What is 4 + -4 + 7 + -3?
4
1 - 3 - (-14 + (22 - 11))
1
What is 4 - (9 + -5 - 6)?
6